ulate the remainder when 27 is divided by 7.
6
Calculate the remainder when 176 is divided by 47.
35
Calculate the remainder when 267 is divided by 6.
3
Calculate the remainder when 272 is divided by 215.
57
What is the remainder when 1849 is divided by 142?
3
Calculate the remainder when 496 is divided by 7.
6
What is the remainder when 839 is divided by 40?
39
What is the remainder when 686 is divided by 43?
41
Calculate the remainder when 597 is divided by 61.
48
Calculate the remainder when 7 is divided by 5.
2
What is the remainder when 434 is divided by 407?
27
Calculate the remainder when 228 is divided by 10.
8
Calculate the remainder when 218 is divided by 204.
14
What is the remainder when 267 is divided by 113?
41
What is the remainder when 522 is divided by 7?
4
What is the remainder when 3613 is divided by 4?
1
Calculate the remainder when 629 is divided by 70.
69
What is the remainder when 6509 is divided by 21?
20
What is the remainder when 128 is divided by 25?
3
Calculate the remainder when 553 is divided by 15.
13
Calculate the remainder when 1306 is divided by 48.
10
Calculate the remainder when 566 is divided by 44.
38
What is the remainder when 246 is divided by 9?
3
Calculate the remainder when 498 is divided by 58.
34
Calculate the remainder when 810 is divided by 74.
70
Calculate the remainder when 104 is divided by 21.
20
What is the remainder when 109 is divided by 66?
43
What is the remainder when 1294 is divided by 36?
34
Calculate the remainder when 115 is divided by 60.
55
Calculate the remainder when 16883 is divided by 252.
251
Calculate the remainder when 394 is divided by 300.
94
What is the remainder when 1378 is divided by 60?
58
Calculate the remainder when 924 is divided by 103.
100
What is the remainder when 186 is divided by 78?
30
Calculate the remainder when 879 is divided by 79.
10
What is the remainder when 437 is divided by 201?
35
Calculate the remainder when 511 is divided by 34.
1
What is the remainder when 234 is divided by 21?
3
Calculate the remainder when 622 is divided by 210.
202
What is the remainder when 40 is divided by 27?
13
What is the remainder when 5192 is divided by 53?
51
What is the remainder when 92 is divided by 28?
8
Calculate the remainder when 25 is divided by 9.
7
What is the remainder when 1015 is divided by 146?
139
Calculate the remainder when 25 is divided by 17.
8
Calculate the remainder when 795 is divided by 32.
27
What is the remainder when 178 is divided by 62?
54
Calculate the remainder when 30 is divided by 11.
8
What is the remainder when 678 is divided by 674?
4
What is the remainder when 2553 is divided by 49?
5
Calculate the remainder when 559 is divided by 17.
15
Calculate the remainder when 187 is divided by 175.
12
What is the remainder when 2501 is divided by 831?
8
What is the remainder when 5820 is divided by 41?
39
What is the remainder when 228 is divided by 5?
3
Calculate the remainder when 236 is divided by 16.
12
Calculate the remainder when 200 is divided by 15.
5
What is the remainder when 114 is divided by 15?
9
What is the remainder when 18249 is divided by 27?
24
What is the remainder when 3124 is divided by 92?
88
What is the remainder when 9070 is divided by 193?
192
Calculate the remainder when 322 is divided by 61.
17
What is the remainder when 3137 is divided by 391?
9
Calculate the remainder when 358 is divided by 15.
13
Calculate the remainder when 65 is divided by 35.
30
Calculate the remainder when 17812 is divided by 47.
46
Calculate the remainder when 1508 is divided by 151.
149
Calculate the remainder when 3149 is divided by 14.
13
Calculate the remainder when 1052 is divided by 168.
44
What is the remainder when 344 is divided by 32?
24
What is the remainder when 24 is divided by 8?
0
Calculate the remainder when 342 is divided by 35.
27
Calculate the remainder when 2985 is divided by 103.
101
What is the remainder when 91 is divided by 31?
29
Calculate the remainder when 11302 is divided by 95.
92
Calculate the remainder when 368 is divided by 124.
120
What is the remainder when 5367 is divided by 1787?
6
Calculate the remainder when 1269 is divided by 53.
50
Calculate the remainder when 152 is divided by 45.
17
Calculate the remainder when 411 is divided by 107.
90
Calculate the remainder when 1297 is divided by 26.
23
Calculate the remainder when 8387 is divided by 2792.
11
Calculate the remainder when 41 is divided by 12.
5
Calculate the remainder when 9588 is divided by 10.
8
Calculate the remainder when 7149 is divided by 98.
93
Calculate the remainder when 319 is divided by 23.
20
Calculate the remainder when 469 is divided by 23.
9
What is the remainder when 224 is divided by 45?
44
What is the remainder when 229 is divided by 8?
5
What is the remainder when 611 is divided by 44?
39
What is the remainder when 1239 is divided by 154?
7
What is the remainder when 1531 is divided by 1527?
4
What is the remainder when 16677 is divided by 10?
7
Calculate the remainder when 97 is divided by 7.
6
Calculate the remainder when 181 is divided by 59.
4
What is the remainder when 72 is divided by 44?
28
What is the remainder when 1780 is divided by 69?
55
Calculate the remainder when 52 is divided by 29.
23
What is the remainder when 1960 is divided by 163?
4
Calculate the remainder when 91 is divided by 27.
10
Calculate the remainder when 305 is divided by 51.
50
What is the remainder when 121 is divided by 22?
11
What is the remainder when 43 is divided by 13?
4
Calculate the remainder when 742 is divided by 356.
30
What is the remainder when 19026 is divided by 134?
132
What is the remainder when 356 is divided by 40?
36
What is the remainder when 449 is divided by 25?
24
Calculate the remainder when 218 is divided by 13.
10
What is the remainder when 4479 is divided by 56?
55
Calculate the remainder when 3670 is divided by 204.
202
What is the remainder when 550 is divided by 164?
58
Calculate the remainder when 381 is divided by 16.
13
What is the remainder when 942 is divided by 458?
26
Calculate the remainder when 1347 is divided by 27.
24
Calculate the remainder when 111 is divided by 19.
16
What is the remainder when 916 is divided by 268?
112
Calculate the remainder when 427 is divided by 406.
21
Calculate the remainder when 485 is divided by 248.
237
Calculate the remainder when 228 is divided by 10.
8
What is the remainder when 146 is divided by 37?
35
What is the remainder when 78 is divided by 6?
0
What is the remainder when 89 is divided by 1?
0
What is the remainder when 1111 is divided by 279?
274
What is the remainder when 83 is divided by 7?
6
Calculate the remainder when 444 is divided by 24.
12
What is the remainder when 124 is divided by 21?
19
What is the remainder when 74 is divided by 5?
4
Calculate the remainder when 2918 is divided by 10.
8
What is the remainder when 222 is divided by 49?
26
What is the remainder when 484 is divided by 41?
33
What is the remainder when 86 is divided by 40?
6
Calculate the remainder when 58 is divided by 22.
14
What is the remainder when 133 is divided by 48?
37
What is the remainder when 188 is divided by 69?
50
What is the remainder when 1631 is divided by 3?
2
Calculate the remainder when 69 is divided by 15.
9
What is the remainder when 45 is divided by 12?
9
What is the remainder when 507 is divided by 265?
242
What is the remainder when 21 is divided by 13?
8
What is the remainder when 2047 is divided by 8?
7
Calculate the remainder when 2920 is divided by 23.
22
What is the remainder when 487 is divided by 58?
23
Calculate the remainder when 4478 is divided by 40.
38
What is the remainder when 349 is divided by 88?
85
Calculate the remainder when 1409 is divided by 129.
119
What is the remainder when 941 is divided by 158?
151
Calculate the remainder when 351 is divided by 44.
43
Calculate the remainder when 11 is divided by 2.
1
Calculate the remainder when 227 is divided by 10.
7
What is the remainder when 128 is divided by 51?
26
Calculate the remainder when 604 is divided by 194.
22
Calculate the remainder when 20 is divided by 5.
0
What is the remainder when 603 is divided by 154?
141
What is the remainder when 235 is divided by 5?
0
Calculate the remainder w